emainder when 1354209 is divided by 740.
9
What is the remainder when 6159435 is divided by 205?
5
What is the remainder when 2427388 is divided by 177?
10
Calculate the remainder when 20790 is divided by 20725.
65
Calculate the remainder when 2086156 is divided by 13038.
76
Calculate the remainder when 71069136 is divided by 297.
6
Calculate the remainder when 94022 is divided by 3481.
35
Calculate the remainder when 57280516 is divided by 338.
332
What is the remainder when 15443165 is divided by 137?
114
What is the remainder when 794595471 is divided by 54?
51
What is the remainder when 73123761 is divided by 115?
91
Calculate the remainder when 10277132 is divided by 16576.
12
What is the remainder when 281614 is divided by 8186?
3290
Calculate the remainder when 3090273 is divided by 70208.
1121
Calculate the remainder when 371735 is divided by 18583.
75
What is the remainder when 181894 is divided by 181710?
184
Calculate the remainder when 1613094 is divided by 230045.
2779
What is the remainder when 24370160 is divided by 12185071?
18
What is the remainder when 1667681563 is divided by 36?
31
What is the remainder when 572421 is divided by 23?
20
Calculate the remainder when 750410299 is divided by 57.
55
What is the remainder when 3403249 is divided by 1495?
629
Calculate the remainder when 1038057 is divided by 4289.
119
What is the remainder when 460836 is divided by 7391?
2594
What is the remainder when 6041921 is divided by 68?
53
Calculate the remainder when 4883741 is divided by 181.
180
What is the remainder when 17257566 is divided by 3451512?
6
Calculate the remainder when 2214433 is divided by 102.
13
What is the remainder when 480266 is divided by 60001?
258
What is the remainder when 26594 is divided by 11827?
2940
Calculate the remainder when 12684820 is divided by 859.
826
What is the remainder when 366399 is divided by 228?
3
Calculate the remainder when 19778558 is divided by 128.
126
Calculate the remainder when 782981 is divided by 363.
353
What is the remainder when 785375 is divided by 784914?
461
Calculate the remainder when 288998704 is divided by 444.
436
What is the remainder when 260987763 is divided by 16267?
15
Calculate the remainder when 158458 is divided by 7188.
322
Calculate the remainder when 2100227 is divided by 13639.
13460
What is the remainder when 685552 is divided by 85687?
56
What is the remainder when 4601656 is divided by 117991?
7
Calculate the remainder when 459180 is divided by 114765.
120
Calculate the remainder when 21859 is divided by 272.
99
Calculate the remainder when 14928103 is divided by 274.
35
Calculate the remainder when 7668453 is divided by 426025.
3
What is the remainder when 174251 is divided by 5615?
186
Calculate the remainder when 97807 is divided by 2064.
799
What is the remainder when 28364793 is divided by 16?
9
What is the remainder when 60073746 is divided by 176?
18
What is the remainder when 437276 is divided by 217834?
1608
What is the remainder when 196478 is divided by 1374?
1370
What is the remainder when 1972569 is divided by 46965?
39
Calculate the remainder when 133924 is divided by 7872.
100
Calculate the remainder when 51503911 is divided by 476888.
7
What is the remainder when 3155187 is divided by 905?
357
Calculate the remainder when 795897645 is divided by 3276.
3273
Calculate the remainder when 6554 is divided by 1859.
977
Calculate the remainder when 3454099 is divided by 1151364.
7
Calculate the remainder when 934756 is divided by 1767.
13
Calculate the remainder when 703593139 is divided by 341.
337
Calculate the remainder when 261773588 is divided by 2105.
2103
Calculate the remainder when 2238864 is divided by 9.
6
Calculate the remainder when 1187721 is divided by 891.
18
Calculate the remainder when 58505 is divided by 6905.
3265
Calculate the remainder when 3276883 is divided by 63.
1
Calculate the remainder when 5981630 is divided by 4907.
4904
Calculate the remainder when 1720046 is divided by 286665.
56
What is the remainder when 3129581 is divided by 3358?
3283
What is the remainder when 5498844 is divided by 15274?
204
What is the remainder when 19701759 is divided by 80?
79
What is the remainder when 1858947 is divided by 38727?
51
Calculate the remainder when 663067 is divided by 1593.
379
Calculate the remainder when 552512 is divided by 7362.
362
What is the remainder when 11696982 is divided by 3898985?
27
What is the remainder when 1707463 is divided by 21?
16
Calculate the remainder when 23616 is divided by 875.
866
Calculate the remainder when 7349442 is divided by 7349088.
354
What is the remainder when 68535091 is divided by 213?
211
What is the remainder when 40534659 is divided by 26253?
27
Calculate the remainder when 3853409 is divided by 1284294.
527
What is the remainder when 2392724 is divided by 33?
26
Calculate the remainder when 625229 is divided by 1017.
791
What is the remainder when 16511561 is divided by 4127862?
113
What is the remainder when 72841896 is divided by 17?
7
Calculate the remainder when 18166845 is divided by 1135424.
61
Calculate the remainder when 145756998 is divided by 1000.
998
Calculate the remainder when 53326740 is divided by 1404.
12
What is the remainder when 22770 is divided by 11299?
172
Calculate the remainder when 11933645 is divided by 1704804.
17
What is the remainder when 108222037 is divided by 708?
697
What is the remainder when 30157044 is divided by 110?
104
What is the remainder when 1513876 is divided by 45?
31
Calculate the remainder when 7860466 is divided by 6443.
6
What is the remainder when 6137490 is divided by 1348?
46
What is the remainder when 3262151 is divided by 6?
5
What is the remainder when 70217 is divided by 70041?
176
Calculate the remainder when 5409 is divided by 429.
261
Calculate the remainder when 53593380 is divided by 151.
7
What is the remainder when 13744 is divided by 4497?
253
What is the remainder when 566475 is divided by 282976?
523
Calculate the remainder when 103181929 is divided by 2545.
2539
Calculate the remainder when 386118 is divided by 302.
162
Calculate the remainder when 1619497 is divided by 123.
79
Calculate the remainder when 195309 is divided by 17645.
1214
What is the remainder when 4325349 is divided by 11034?
21
What is the remainder when 1972057 is divided by 78881?
32
What is the remainder when 34949926 is divided by 3177265?
11
What is the remainder when 2639013 is divided by 728?
13
Calculate the remainder when 1312592 is divided by 262427.
457
What is the remainder when 16621 is divided by 5439?
304
What is the remainder when 91599 is divided by 5926?
2709
Calculate the remainder when 36763612 is divided by 64.
28
Calculate the remainder when 2513769 is divided by 2401.
2323
Calculate the remainder when 66446 is divided by 66420.
26
What is the remainder when 254501667 is divided by 3159?
3150
What is the remainder when 18241 is divided by 5740?
1021
What is the remainder when 975445 is divided by 5876?
29
Calculate the remainder when 86572450 is divided by 497.
20
Calculate the remainder when 4352262 is divided by 544.
262
Calculate the remainder when 106813389 is divided by 214.
211
What is the remainder when 4806370 is divided by 2403177?
16
What is the remainder when 17371869 is divided by 84?
81
What is the remainder when 518050 is divided by 2657?
2592
Calculate the remainder when 7910538 is divided by 1617.
174
What is the remainder when 199094 is divided by 49773?
2
What is the remainder when 41365245 is divided by 88?
53
Calculate the remainder when 1327403 is divided by 86.
79
Calculate the remainder when 26352240 is divided by 248.
8
Calculate the remainder when 73488 is divided by 18.
12
Calculate the remainder when 87894 is divided by 7984.
70
What is the remainder when 252083 is divided by 28009?
2
What is the remainder when 52100 is divided by 4289?
632
Calculate the remainder when 5176588 is divided by 2588293.
2
Calculate the remainder when 355087 is divided by 39453.
10
Calculate the remainder when 10440 is divided by 10309.
131
Calculate the remainder when 60008 is divided by 2422.
1880
Calculate the remainder when 82266345 is divided by 6041.
7
What is the remainder when 1606379 is divided by 410?
